Determine q(14).
-6
Let s be 1/((-2)/4) - -5. Let l(o) = -3 - 818*o**3 + 817*o**3 + 2 - 2547*o**2 - 2*o + 0 + 2550*o**2. What is l(s)?
-7
Let u(f) = f**3 - 3*f**2 + 4*f - 3. Suppose -81*d + 23*d = -116. Suppose 0 = 3*x - 1 - d, y - 5*x + 3 = 0. Determine u(y).
1
Let b be ((3 + 1)/(-4) + 1)/2. Suppose 0 = 3*z - 2*h + 5, -2*z - 2*h + 5*h - 10 = b. Let j be 0 + z - (-2)/4*6. Let k(m) = m**2 - 4*m - 2. What is k(j)?
-2
Let r(d) = -5*d - 35. Let i(l) = 47*l + 330. Let x(f) = -4*i(f) - 38*r(f). Suppose 0 = j - 3*a + 13, 3*j + 5*a - 45 = 8*j. Give x(j).
-4
Let d = 6169 + -6167. Let q(k) = 3*k**2 - 6. Calculate q(d).
6
Let y(k) = -26*k**2 - 1 + 78*k**2 - 25*k**2 - 26*k**2 - 2. Let t = 1 - 3. Give y(t).
1
Let i(p) = p**2 - 14*p - 309. Suppose -5*t - 144 = 44*t - 1418. What is i(t)?
3
Let w(x) be the second derivative of x**5/30 - x**4/3 + x**3/3 - 103*x**2/2 - 127*x. Let k(n) be the second derivative of w(n). Calculate k(9).
28
Let u(k) = 4*k**3 + 36*k**2 + 4*k + 38. Suppose -123*b = 159*b - 1498 + 4036. What is u(b)?
2
Let v(u) be the first derivative of -18*u**2 + 2*u + 1772. Give v(-3).
110
Let q(v) be the second derivative of -v**5/20 + v**4/6 + 8*v**3/3 + 6*v**2 + 12737*v. Calculate q(6).
-36
Let j(q) be the second derivative of q**4/3 - 2*q**3/3 + 3*q**2/2 + 4*q. Let c be 10 - (-70)/(-4)*(-92)/(-230). What is j(c)?
27
Let z(v) = 17 - 22*v - v - 2*v + 6*v**2 - 4*v**2. Let h be z(12). Suppose 6*u - 5*u + h = 0. Let t(r) = r - 7. Give t(u).
-12
Let o(f) = f**2 - 34 - 34 + 142 - 32 - 2*f**3 - 37 + 4*f. Give o(2).
1
Let c(r) = 5*r - 14. Let h(w) = -26*w + 26 + 23*w - 5*w. Let m(u) = -7*c(u) - 4*h(u). Determine m(-6).
12
Suppose 0 = -5*g - 0*n - 2*n + 38, -22 = -g - 4*n. Suppose -2*u = -2*w + u + 6, 0 = 2*w + u - g. Let k(a) = w + a + 6 - 4. What is k(0)?
5
Let l be 1 - -2 - (228 + -8). Let m = l + 211. Let a(t) = -5*t - 3 - 4*t - t**2 - t**2. What is a(m)?
-21
Let y = 66 - 65. Let g be (1/(-4))/(y/(-12)). Let n(w) = w**3 - 4*w**2 + 5*w + 1. What is n(g)?
7
Suppose 4*l - 11 - 1 = -3*m, -3*l = -5*m - 9. Let n(u) = -51*u**2 - 6 - 53*u**2 + 111*u**2 - l*u + u**3 + 8*u. Give n(-6).
0
Let k(d) = -17*d - 169*d**3 + 24*d + 5*d**2 + 168*d**3 + 1 - 9*d. Calculate k(5).
-9
Let j(q) = q**2 - 2*q - 2. Suppose 0 = -2*a - 3*r + 53, -2*a + 2*r + 88 = -2*r. Let u = a + -24. Suppose u = 4*z + z. Determine j(z).
-2
Let i(v) = -v - 24. Let j be 21*(-128)/(-336) - (-1 + 12). Give i(j).
-21
Let s = -49 - -51. Let d(r) = -r - 127*r**s + 129*r**2 - r + 2. Let v(h) = -h**2 + 6*h - 6. Let t be v(4). Give d(t).
6
Let g(d) = -2*d**2 - 14*d - 10. Let y(p) = -p - 33. Let k be y(-35). Let m(j) = -j**2 - 10*j + 17. Let s be m(k). What is g(s)?
-10
Let s(c) = -12*c**2 - 5*c - 6. Let v be s(-1). Let h(d) = d**3 + 12*d**2 - 15*d - 31. Let t be h(v). Let b(l) = -l**2 - 2*l + 7. What is b(t)?
-8
Suppose 0 = 3*b - 43 + 10. Let i = 109 - 105. Let d(c) = 9*c + 23. Let n(r) = -3*r - 8. Let z(t) = b*n(t) + i*d(t). What is z(-3)?
-5
Let m = 53 + -59. Let c(d) = 3*d**3 + 5*d**2 - 4*d + 6. Let q(z) = -10*z**3 - 15*z**2 + 11*z - 19. Let k(r) = -7*c(r) - 2*q(r). Determine k(m).
-4
Suppose -384 = 32*h - 40*h. Let w(y) = 9 + 8*y**2 + 2*y + 43*y**3 - 90*y**3 + h*y**3. Calculate w(-8).
-7
Suppose 0 = -49*j - 68*j - 2808. Let f(d) = d + 28. What is f(j)?
4
Let k(i) = -2*i**3 - i + 6. Let f = -3089 - -3092. Calculate k(f).
-51
Let m(y) be the first derivative of -y**6/360 + y**5/15 - y**4/4 + y**3 - y - 31. Let g(c) be the third derivative of m(c). What is g(6)?
6
Let v(s) = 4*s**3 - 3*s**2 - 4*s. Let l(t) = -2711*t**3 + 2704*t**3 + t**2 + 6*t**2 + 7*t. Let j(q) = 3*l(q) + 5*v(q). Let c = 0 + 6. Determine j(c).
6
Let b(r) be the second derivative of 0*r**3 - 9 - 1/2*r**2 - 1/12*r**4 - 4*r. Determine b(0).
-1
Let t = 188 - 71. Let w = 112 - t. Let b(z) = -z**3 - 6*z**2 - 6*z. Calculate b(w).
5
Let u(b) = 9 - 8*b**2 + 7*b**2 + 24*b + 29*b - 63*b. Give u(-12).
-15
Let r = 2 + -3. Let x(b) be the first derivative of b**5/12 + 151*b**2/2 - 78. Let n(i) be the second derivative of x(i). What is n(r)?
5
Suppose -5*j + t = -26, -4*t + 9*t = 4*j - 46. Let y(k) = -12*k + 8. What is y(j)?
-40
Let w(j) = -j**2 + 6*j - 10. Suppose 10*i = 238 - 208. Calculate w(i).
-1
Let m be (-2611)/(-1119) + (0 - (-5)/3). Let r(y) be the second derivative of y**4/12 - 7*y**3/6 + 5*y**2/2 - 5*y. Calculate r(m).
-7
Let p be 4/(-3) - (-7972)/12. Let g = -666 + p. Let s(k) = k + 4. Give s(g).
1
Suppose 2 + 14 = -w - 4*v, 4*v = -20. Let j(p) = 6*p**3 + 7*p**2 + 17*p + 10. Let i(d) = -5*d**3 - 5*d**2 - 14*d - 9. Let t(c) = 5*i(c) + 4*j(c). What is t(w)?
-29
Let t(p) = -p + 9. Suppose 0 = -3*i + 4*d + 60, 6*d - d = 0. Suppose -7*m = -43 - i. Suppose -7*o + 3*o - m = h, 2*h = 3*o + 26. What is t(h)?
2
Suppose -k + 257 = -26. Let r = 289 - k. Let g(y) = -y**3 + 5*y**2 + 5*y + 2. Calculate g(r).
-4
Let p(x) = -x**3 - 26*x**2 - 47*x + 17. Let g be p(-24). Let s(a) = 8*a**2 + 19 + a**3 + 6*a - 54 - 2*a + 18. Give s(g).
4
Let x be 6/(-30) + 0 + (-2)/(-10). Suppose x = -13*v - v - 42. Let f(n) = 2*n + 3. Give f(v).
-3
Let m(l) = 438*l**2 - l + 2. Let f be m(1). Let w(y) = -438*y - 2 - f*y + 881*y. Suppose 0*h + h - 2 = 0. What is w(h)?
6
Let d(o) = 34*o - 11. Let w(y) = 109*y - 33. Let a(r) = 7*d(r) - 2*w(r). Give a(-4).
-91
Let a(w) = -w**3 - 3*w**2 + 2*w + 27. Let k be a(-5). Let f(j) = 67 - 131 + k - 3*j. Calculate f(0).
3
Let n(m) = 7*m + 60. Suppose -634*h + 644*h + 123 = 13. Calculate n(h).
-17
Let l(u) be the second derivative of 2 - 181*u - 7/2*u**2 + 11/6*u**3. What is l(2)?
15
Let s(a) = a**3 - 8*a**2 + 6*a + 7. Let n be (-2 + 0/(-3))*23 - 4. Let h be (-78)/(-9) + n/30. Calculate s(h).
0
Let a(l) be the second derivative of -l**5/20 - 7*l**4/12 + 3*l**3 - 13*l**2 - 791*l. Calculate a(-9).
-26
Let a(z) = -z**2 - 4*z - 1. Let o = -67 + 62. Let m be a(o). Let j(k) be the second derivative of k**3/2 + 5*k**2 - 34*k. Calculate j(m).
-8
Let f(b) = 40358 + 4*b - 40362 - 2*b**2 - 7*b + b**3. Let y be 14/4 + (-10)/(-20). Calculate f(y).
16
Let l(y) be the second derivative of y**3/3 - y**2/2 - 1636*y. Give l(6).
11
Let x(m) = -3*m**2 + 10*m - 13. Let v = 1671 - 1669. What is x(v)?
-5
Suppose -18*p + 149*p = -51*p - 3276. Let y(b) = -b**3 - 19*b**2 - 20*b - 26. What is y(p)?
10
Let n be (462/56)/11*12. Let o(i) = 3*i**3 + 6*i**2 - 7*i + 8. Let k(x) = 8*x**3 + 19*x**2 - 22*x + 25. Let w(u) = 4*k(u) - 11*o(u). Determine w(n).
-6
Let d(b) be the third derivative of b**5/30 - b**4/12 + 11*b**3/2 - 11*b**2 - 2. Let m(v) be the first derivative of d(v). Determine m(8).
30
Let u(q) = -2*q + 4 + 5 + 3*q. Suppose 5*j - 2*o + 35 = 0, -3*j + 25*o = 27*o + 37. Give u(j).
0
Let n(r) be the second derivative of -2*r**3/3 - 5*r**2/2 - 27*r + 74. Suppose 3*m - 5*m + 3*g = 1, 5*m - 5*g = -5. Give n(m).
3
Let b(q) be the second derivative of -5*q + 2*q**2 + 4/3*q**3 - 7 - 1/20*q**5 + 7/12*q**4. Suppose -8*r = -3*r - 40. Give b(r).
4
Let g(z) = -2*z - 2. Suppose 3*f - 3 = -7*n + 10*n, -5*n - 8 = -4*f. What is g(n)?
6
Suppose 5*b + 702 = -3*g + 619, 0 = 2*b - 4*g + 28. Let x(c) = c**2 + 15*c - 27. Give x(b).
-11
Suppose n - 1 = 2*x, 0*x = -4*x + 4*n - 12. Let g(f) = 16*f**2 - 4 + 3 + 25*f**2 - 2*f**x. Give g(1).
38
Let c(n) = 1 + 13*n - 7 - 14*n. Let l(o) = 11 + 4*o + 27 - 32 - o**2. Let j be l(6). Give c(j).
0
Let k(r) = 4*r - 70. Suppose d = 2*b - 5*b + 40, -4*b + 24 = 0. What is k(d)?
18
Let j(g) = -9*g + 5. Suppose -110*r - 69 = -233 - 276. Determine j(r).
-31
Let n(x) be the first derivative of x**2 - 180 + 9*x + 1/4*x**4 - 8/3*x**3. Give n(7).
-26
Let t(p) = p**2 - p - 25. Let o = -81 + 84. Suppose -k - o = -8. Let w be t(k). Let g(c) = c + 1. Determine g(w).
-4
Let l(z) = z - 22. Let s be (144/(-2))/3 - (-19 - -9 - -5). What is l(s)?
-41
Suppose 0 = -3*n - 251 + 272. Let o(a) be the second derivative of a**3/6 - 5*a**2 - 62*a + 1. Determine o(n).
-3
Let d(n) = 4 + n**3 + 4*n**2 + 2*n - 2 + n. Suppose -o = -2*v + 8, v - 5*o - 14 = -2*o. Suppose -3*l + v*i - 6 = l, -12 = 4*i. Give d(l).
2
Suppose 0 = 6*q - 13 - 5. Suppose -t + 17 = 4*r, -r + 6*r = q*t. Let i(f) = r*f - 7 - 6 + 8. Calculate i(7).
16
Let o(v) = 2*v**2 + 18*v + 56. Let m = 19655 - 19663. What is o(m)?
40
Let t = 15 + -10. Suppose -4*g - 4*n + 22 = -t*g, -3*g + 4*n - 26 = 0. Let y(b) = 93 + 